5*m, -2*v - 3*v + z = c*m. Calculate the greatest common divisor of v and 5.
5
Let w(n) = 2*n**3 + 6*n**2 + 4*n + 6. Let b be w(-4). Let l be (14/21)/((-2)/b). What is the highest common divisor of l and 56?
14
Suppose j - 6*j = -20. Calculate the greatest common factor of 8 and j.
4
Let h(f) = f**2 + f - 2. Let w be h(2). Suppose 5*t = 3*c - 38, -4 = 2*c - 0*c + w*t. Calculate the highest common factor of 18 and c.
6
Suppose -3*d = -2*x - 2*x + 11, -5*x + 9 = d. Suppose x*a + 1 = 25. What is the greatest common divisor of 24 and a?
12
Suppose -f + 5 = -4. What is the highest common divisor of 18 and f?
9
Let q be (-2)/4*-360*2. Suppose 0 = -0*l + 3*l - q. Calculate the highest common divisor of 15 and l.
15
Suppose -i = 4*i - 10. Calculate the highest common factor of i and 6.
2
Suppose 5*n = -20, -5*f + 3*n + 166 = -56. Let j = f - 19. Let d = j + -8. What is the highest common factor of d and 30?
15
Suppose o + 41 = 4*o + 5*y, 5*o - 2*y - 120 = 0. What is the greatest common divisor of o and 110?
22
Let d = 214 + -88. Calculate the highest common factor of d and 14.
14
Suppose -62 = -3*c + 64. Calculate the greatest common divisor of c and 21.
21
Let w(p) = p**3 + p + 19. Let f be w(0). Suppose -5*y + 5*l + f + 266 = 0, y = 5*l + 45. Let o = y + -39. Calculate the highest common divisor of o and 7.
7
Let h = 21 - -8. Let m = 19 + h. Suppose 3*d - m = 3*b, -4*d + 3*b = 6*b - 50. What is the highest common divisor of 56 and d?
14
Let v(t) = -t**2 - 7*t + 1. Let l be v(-6). Calculate the highest common factor of 21 and l.
7
Let d(g) = -9*g + 36. Let t be d(-12). What is the greatest common divisor of t and 16?
16
Let m = -7 - -3. Let f be 2 + 2*(-2)/m. Suppose 27 + 78 = f*u. What is the greatest common divisor of 7 and u?
7
Let l(x) = -35*x + 1. Let t be l(-1). Let z = 8 + 1. What is the highest common divisor of z and t?
9
Let w = -57 - -82. Calculate the greatest common divisor of w and 100.
25
Suppose -7*q = -2*q - 35. Suppose 0 = -3*p - 2*p + 35. Calculate the highest common factor of p and q.
7
Let t(z) = z**3 - z + 63. Let p be -1*(-2 - (-2)/1). Let u be t(p). What is the greatest common factor of u and 7?
7
Let p = 16 + -12. Calculate the highest common factor of p and 12.
4
Suppose 4*c + 300 = 4*k, 5*k + 7*c = 2*c + 325. Let j = -2 + 1. Let q be 22/3 + j/3. Calculate the highest common divisor of k and q.
7
Suppose -3*b = -4*t - 8*b + 43, -5*t - b = -59. What is the greatest common divisor of t and 24?
12
Suppose 0*s = 2*s. Suppose s = 4*m - 0*m - 4. Calculate the highest common divisor of 5 and m.
1
Let v(d) = -d + 4. Let t be v(-7). Calculate the highest common divisor of t and 121.
11
Let i be ((-14)/(-21))/((-682)/342 + 2). Calculate the highest common factor of 57 and i.
57
Let u be ((-1)/3)/(7/(-105)). What is the greatest common factor of 40 and u?
5
Let g be 1/(-2) - 25/(-2). Let w(z) = 2*z**2 + 3*z - 3. Let j be w(6). Suppose 0 = -2*l - 27 + j. What is the greatest common divisor of g and l?
6
Suppose -3*h + 66 = -84. What is the highest common divisor of h and 10?
10
Let m(h) = -h**3 - h + 16. Let t be m(0). Suppose a = -8*w + 11*w - 75, 3*a - 111 = -5*w. Calculate the greatest common factor of w and t.
8
Let k = -1 + 2. Let n(a) = 5*a**2 + a. Let w be n(1). Let x be w/(-3) - (1 + -12). What is the highest common divisor of k and x?
1
Let b be 7/(98/12)*7. Suppose -n = -b*n + 75. Let f be (-5)/(n/6) + 6. What is the highest common divisor of 4 and f?
4
Suppose 2*v - 10 = -3*v. Suppose v*a = -a + 336. Let f = a + -64. Calculate the highest common factor of 12 and f.
12
Suppose -29 = -2*u + 83. Suppose -2*f = 5*g + 27 - 77, -2*f = 2*g - u. Calculate the highest common divisor of 270 and f.
30
Let r = 13 + -8. Let v be (r/(-15))/((-1)/6). Suppose -4*l + x + 204 = 0, -x = -3*l - v*x + 146. Calculate the greatest common divisor of l and 10.
10
Let z = -117 - -229. Let k be (12/(-10))/((-6)/140). What is the greatest common divisor of k and z?
28
Let v(h) = 4*h - 8. Let c be v(4). Suppose 2*x - 12 = c. What is the greatest common divisor of x and 40?
10
Let h = 667 + -658. Let l(x) = 5*x**2 + 4*x - 6. Let q be l(-5). What is the highest common divisor of q and h?
9
Let v = 81 + -9. Suppose -r = r - v. Let y(d) = d**3 - 3*d**2 + 3*d. Let a be y(3). Calculate the greatest common factor of r and a.
9
Let q(w) = 2*w**2 + 3*w - 14. Let o be q(-5). What is the greatest common divisor of o and 147?
21
Suppose k = -4*k + 400. Let d be (3 + 0)*(-10)/(-3). What is the greatest common divisor of k and d?
10
Suppose -181 = -4*c + 335. Suppose 3*z + 0*a - c = 3*a, 0 = z - 2*a - 42. Calculate the highest common factor of z and 22.
22
Suppose -s + 9 = -0*s. Suppose 48 = h - 13. Suppose h + s = 5*x. What is the highest common factor of x and 7?
7
Suppose k - o = 3, 0 = -0*o + 3*o - 3. Suppose -3*t + k*t - 18 = 0. Suppose l - 4*n - t = -l, -4*l + 26 = -3*n. Calculate the highest common factor of l and 5.
5
Suppose -5*g + 25 = -0*g. Suppose 3*l + g = 8. Calculate the highest common factor of l and 5.
1
Let o(a) = -a**3 - 2*a**2 - a + 1. Let m be o(-3). Suppose 4*z = 4*f + 3 + 1, 3*f = -5*z + m. Calculate the highest common factor of z and 16.
2
Let y be 3 + -1 - 3 - 37. Let z = 128 + y. Calculate the highest common factor of z and 10.
10
Let x = -8 - -8. Suppose 4 = y - 0, x = -n + 2*y + 67. Suppose 2*a = 4*a - 60. Calculate the greatest common factor of a and n.
15
Let t(m) = m**2 + 9*m. Let h be t(-14). Suppose -31 = -3*n - 3*b + 41, 3*n - h = -4*b. Calculate the highest common factor of n and 234.
26
Let x be 38*1 + (-5)/5. What is the greatest common divisor of x and 111?
37
Let b be (-2 - -2)/(-2 - -3). Suppose b = -2*m - m + 30. Suppose m = 4*t + 2, -a = 5*t - 25. Calculate the greatest common divisor of 15 and a.
15
Let f be (-84)/(-22) + (-5)/(110/(-4)). What is the greatest common factor of f and 92?
4
Suppose 4*n + 3*c - 66 = 0, -4*n + c + 3*c = -52. Calculate the greatest common divisor of n and 165.
15
Suppose -6*o = -2*o - 44. Let f = o + -17. Let p be ((-8)/f)/((-4)/(-6)). What is the highest common divisor of 4 and p?
2
Let q = 3 - 0. Suppose q*m - 5*f - 13 = 20, m + 3*f = 11. Calculate the highest common divisor of 22 and m.
11
Suppose i = -5, -5*i + 27 = -4*n + 68. Suppose 0 = -n*c + 62 - 22. Calculate the greatest common factor of c and 25.
5
Let s = 15 - 8. Let p be (-18)/4*(-8)/(-6). Let m(c) = c**3 + 8*c**2 + 6*c - 8. Let a be m(p). What is the highest common factor of s and a?
7
Let q = -1 + 3. Suppose 2 = -0*s + q*s. Let d = 20 - s. What is the greatest common divisor of d and 171?
19
Let x be (-20)/16 + 4/16. Let z be 2*20 + 3/x. Calculate the highest common factor of z and 74.
37
Suppose 16 = 4*i - 20. Let g = i - -1. Calculate the greatest common factor of g and 4.
2
Suppose 2*w + v - 5 = 2*v, -w = 4*v - 16. Let j = 5 - w. What is the greatest common factor of 9 and j?
1
Let f(x) = x**2 + 5*x - 6. Suppose -y - 10 = 4*y. Let r = -10 - y. Let b be f(r). What is the greatest common factor of 9 and b?
9
Let k(z) = -6 + 2 - 4*z + 3*z**2 + z. Suppose 2*b + 10 - 30 = 5*t, 2*t - b + 8 = 0. Let f be k(t). Calculate the greatest common factor of 8 and f.
8
Suppose 0 = -2*i + 8*a - 3*a + 40, -3*a + 106 = 4*i. Calculate the highest common divisor of 225 and i.
25
Let g(p) be the first derivative of -p**3/3 - 5*p**2/2 + 4*p - 4. Let s be g(-5). Calculate the greatest common factor of 8 and s.
4
Suppose -2*b = 2*u - 120, -5*u + 5*b = -278 - 22. Calculate the highest common factor of 15 and u.
15
Let b(p) = p - 2. Let d be b(4). Calculate the greatest common divisor of d and 2.
2
Let c(r) = -r**3 - 18*r**2 - 13*r + 9. Let m(l) = l**2 - 1. Let z(b) = c(b) + 4*m(b). Let p be z(-13). What is the greatest common divisor of p and 1?
1
Suppose -g + 7 + 5 = 0. Suppose 15 = 5*r - 15. Let v = r + 6. Calculate the greatest common factor of v and g.
12
Let x be 2/3*6/4. Let s(c) = c**2 + 3*c + 1. Suppose -2*t - 2*t + 8 = -4*v, -5 = v. Let a be s(t). What is the highest common divisor of a and x?
1
Suppose 2*s = -0*s - p + 31, -5*s - 5*p + 85 = 0. Calculate the highest common factor of 56 and s.
14
Let m = 20 - 11. Suppose m = k + q, 2*q = -k + 3*q + 5. Let h = 110 + -61. Calculate the greatest common divisor of h and k.
7
Suppose -5*b + 2*b + 2